dreds digit of 18579?
5
What is the hundreds digit of 461?
4
What is the hundreds digit of 515?
5
What is the thousands digit of 11043?
1
What is the hundreds digit of 10876?
8
What is the tens digit of 10415?
1
What is the hundreds digit of 35823?
8
What is the hundreds digit of 1736?
7
What is the units digit of 2679?
9
What is the thousands digit of 1065?
1
What is the tens digit of 8859?
5
What is the hundreds digit of 569?
5
What is the units digit of 1383?
3
What is the thousands digit of 5293?
5
What is the units digit of 29930?
0
What is the units digit of 43407?
7
What is the ten thousands digit of 10036?
1
What is the thousands digit of 155495?
5
What is the thousands digit of 35869?
5
What is the units digit of 4111?
1
What is the tens digit of 11250?
5
What is the units digit of 4892?
2
What is the thousands digit of 7531?
7
What is the tens digit of 75330?
3
What is the units digit of 361?
1
What is the hundreds digit of 1007?
0
What is the hundreds digit of 666?
6
What is the tens digit of 967?
6
What is the hundred thousands digit of 181313?
1
What is the units digit of 848?
8
What is the units digit of 41?
1
What is the ten thousands digit of 14250?
1
What is the thousands digit of 93034?
3
What is the units digit of 169?
9
What is the units digit of 711?
1
What is the tens digit of 37399?
9
What is the thousands digit of 8718?
8
What is the tens digit of 755?
5
What is the units digit of 1196?
6
What is the thousands digit of 7043?
7
What is the tens digit of 8564?
6
What is the tens digit of 1050?
5
What is the hundreds digit of 38156?
1
What is the hundreds digit of 56036?
0
What is the units digit of 44585?
5
What is the tens digit of 1751?
5
What is the units digit of 1947?
7
What is the units digit of 82582?
2
What is the units digit of 14134?
4
What is the units digit of 34398?
8
What is the thousands digit of 4397?
4
What is the hundreds digit of 3199?
1
What is the thousands digit of 14626?
4
What is the ten thousands digit of 18202?
1
What is the units digit of 160?
0
What is the units digit of 164?
4
What is the tens digit of 1112?
1
What is the hundreds digit of 227?
2
What is the ten thousands digit of 101981?
0
What is the tens digit of 57000?
0
What is the hundreds digit of 9324?
3
What is the thousands digit of 57078?
7
What is the units digit of 977?
7
What is the tens digit of 3861?
6
What is the units digit of 118?
8
What is the units digit of 357?
7
What is the tens digit of 5748?
4
What is the tens digit of 2029?
2
What is the tens digit of 16707?
0
What is the ten thousands digit of 21935?
2
What is the units digit of 1293?
3
What is the thousands digit of 2651?
2
What is the tens digit of 966?
6
What is the units digit of 17891?
1
What is the hundreds digit of 8501?
5
What is the tens digit of 1635?
3
What is the hundreds digit of 1417?
4
What is the tens digit of 3763?
6
What is the tens digit of 1133?
3
What is the units digit of 1049?
9
What is the thousands digit of 1361?
1
What is the thousands digit of 8793?
8
What is the tens digit of 12968?
6
What is the units digit of 3799?
9
What is the thousands digit of 2166?
2
What is the thousands digit of 116273?
6
What is the units digit of 11004?
4
What is the thousands digit of 4031?
4
What is the thousands digit of 5498?
5
What is the thousands digit of 9812?
9
What is the hundreds digit of 1511?
5
What is the thousands digit of 10500?
0
What is the hundreds digit of 26711?
7
What is the ten thousands digit of 64077?
6
What is the hundreds digit of 7856?
8
What is the units digit of 83856?
6
What is the units digit of 18?
8
What is the units digit of 2716?
6
What is the thousands digit of 1637?
1
What is the hundreds digit of 4777?
7
What is the ten thousands digit of 64382?
6
What is the units digit of 919?
9
What is the tens digit of 98939?
3
What is the tens digit of 820?
2
What is the thousands digit of 109327?
9
What is the units digit of 3876?
6
What is the units digit of 9014?
4
What is the hundreds digit of 9828?
8
What is the tens digit of 14370?
7
What is the hundreds digit of 4052?
0
What is the ten thousands digit of 37831?
3
What is the thousands digit of 20535?
0
What is the units digit of 83003?
3
What is the hundreds digit of 1935?
9
What is the hundreds digit of 2331?
3
What is the units digit of 3284?
4
What is the ten thousands digit of 27753?
2
What is the hundreds digit of 937?
9
What is the thousands digit of 3699?
3
What is the units digit of 1148?
8
What is the units digit of 48?
8
What is the units digit of 770?
0
What is the units digit of 766?
6
What is the hundreds digit of 765?
7
What is the hundred thousands digit of 118998?
1
What is the tens digit of 1746?
4
What is the thousands digit of 2687?
2
What is the tens digit of 7517?
1
What is the units digit of 3384?
4
What is the units digit of 716?
6
What is the hundreds digit of 62803?
8
What is the hundreds digit of 2157?
1
What is the hundreds digit of 2775?
7
What is the units digit of 1291?
1
What is the hundreds digit of 121387?
3
What is the thousands digit of 1120?
1
What is the ten thousands digit of 37886?
3
What is the hundreds digit of 155?
1
What is the units digit of 84675?
5
What is the tens digit of 8446?
4
What is the thousands digit of 4459?
4
What is the hundreds digit of 5174?
1
What is the ten thousands digit of 24187?
2
What is the tens digit of 35238?
3
What is the hundreds digit of 10480?
4
What is the tens digit of 2611?
1
What is the units digit of 4676?
6
What is the tens digit of 735?
3
What is the thousands digit of 6626?
6
What is the ten thousands digit of 36547?
3
What is the ten thousands digit of 35200?
3
What is the thousands digit of 1485?
1
What is the hundreds digit of 30709?
7
What is the tens digit of 34043?
4
What is the tens digit of 1536?
3
What is the hundreds digit of 505?
5
What is the thousands digit of 6687?
6
What is the units digit of 17755?
5
What is the thousands digit of 21702?
1
What is the ten thousands digit of 13600?
1
What is the thousands digit of 1186?
1
What is the units digit of 860?
0
What is the hundred thousands digit of 141459?
1
What is the units digit of 15953?
3
What is the thousands digit of 31848?
1
What is the tens digit of 1028?
2
What is the tens digit of 4582?
8
What is the ten thousands digit of 15647?
1
What is the hundreds digit of 26409?
4
What is the ten thousands digit of 19350?
1
What is the ten thousands digit of 22170?
2
What is the hundreds digit of 226?
2
What is the tens digit of 141?
4
What is the units digit of 3968?
8
What is the units digit of 854?
4
What is the ten thousands digit of 10658?
1
What is the ten thousands digit of 21659?
2
What is the tens digit of 5589?
8
What is the thousands digit of 2391?
2
What is the hundreds digit of 28230?
2
What is the thousands digit of 1189?
1
What is the units digit of 3040?
0
What is the tens digit of 80792?
9
What is the hundreds digit of 3893?
8
What is the hundreds digit of 10937?
9
What is the thousands digit of 14441?
4
What is the hundreds digit of 1667?
6
What is the ten thousands digit of 37214?
3
What is the tens digit of 12150?
5
What is the hundreds digit of 61575?
5
What is the thousands digit of 16596?
6
What is the hundreds digit of 1961?
9
What is the hundred thousands digit of 133089?
1
What is the units digit of 2197?
7
What is the units digit of 90?
0
What is the hundreds digit of 695?
6
What is the thousands digit of 1454?
1
What is the units digit of 25660?
0
What is the hundreds digit of 2792?
7
What is the tens digit of 2065?
6
What is the hundreds digit of 6627?
6
What is the units digit of 125333?
3
What is the units digit of 52019?
9
What is the hundreds digit of 3839?
8
What is the tens digit of 31?
3
What is the hundreds digit of 961?
9
What is the units digit of 8507?
7
What is the tens digit of 9398?
9
What is the units digit of 21237?
7
What is the hundreds digit of 10660?
6
What is the ten thousands digit of 71748?
7
What is the hundreds digit of 3061?
0
What is the units digit of 3681?
1
What is the hundreds digit of 11721?
7
What is the units digit of 1058?
8
What is the hundreds digit of 95959?
9
What is the thousands digit of 106097?
6
What is the hundreds digit of 12946?
9
What is the thousands digit o